ors of 189234380.
2, 5, 53, 167, 1069
What are the prime factors of 701969713?
2609, 269057
List the prime factors of 128372257.
13, 1777, 5557
What are the prime factors of 1573065771?
3, 524355257
What are the prime factors of 59765955?
3, 5, 29, 137393
List the prime factors of 1046608732.
2, 13, 31, 649261
What are the prime factors of 292506625?
5, 131, 17863
List the prime factors of 157043177.
1381, 113717
What are the prime factors of 5247764?
2, 17, 229, 337
What are the prime factors of 220920163?
19, 47, 247391
What are the prime factors of 3570989838?
2, 3, 13, 45781921
List the prime factors of 76168788.
2, 3, 607, 10457
List the prime factors of 48652965.
3, 5, 37, 29221
What are the prime factors of 181033063?
59, 149, 20593
List the prime factors of 6926765749.
6926765749
What are the prime factors of 76242491?
13, 34703
What are the prime factors of 105284812?
2, 43, 113, 5417
List the prime factors of 164563211.
239, 563, 1223
What are the prime factors of 35424723?
3, 31, 53, 7187
List the prime factors of 734698779.
3, 244899593
What are the prime factors of 352440119?
277, 1272347
What are the prime factors of 29534588?
2, 19, 229, 1697
What are the prime factors of 479177248?
2, 11, 1361299
List the prime factors of 333188352.
2, 3, 7, 73, 283
List the prime factors of 3268264106.
2, 43, 2657, 14303
What are the prime factors of 508946642?
2, 254473321
List the prime factors of 51834850.
2, 5, 19, 54563
List the prime factors of 4353137560.
2, 5, 108828439
List the prime factors of 507765067.
601, 844867
List the prime factors of 128824178.
2, 7, 9201727
What are the prime factors of 2892868702?
2, 6043, 239357
List the prime factors of 75207936.
2, 3, 97927
List the prime factors of 227770111.
557, 408923
List the prime factors of 566339698.
2, 283169849
List the prime factors of 182311734.
2, 3, 11, 1283, 2153
List the prime factors of 1945293102.
2, 3, 17, 373951
List the prime factors of 5626701211.
19, 296142169
List the prime factors of 39467898.
2, 3, 29, 31, 271
List the prime factors of 931367435.
5, 449, 577, 719
What are the prime factors of 2033035?
5, 281, 1447
What are the prime factors of 34265030?
2, 5, 17, 53, 3803
What are the prime factors of 729909211?
729909211
What are the prime factors of 806099817?
3, 1181, 227519
What are the prime factors of 471192065?
5, 43, 541, 4051
List the prime factors of 34096397.
173, 197089
What are the prime factors of 14912701?
19, 43, 18253
List the prime factors of 5460813.
3, 606757
What are the prime factors of 698167231?
23, 967, 31391
What are the prime factors of 212495959?
13, 16345843
What are the prime factors of 57918398?
2, 1307, 22157
What are the prime factors of 156880740?
2, 3, 5, 37, 70667
What are the prime factors of 12688378?
2, 6344189
List the prime factors of 422376169.
17, 47, 528631
What are the prime factors of 7087361478?
2, 3, 1181226913
List the prime factors of 51152861.
227, 225343
List the prime factors of 948780959.
7, 41, 97, 173, 197
What are the prime factors of 4874919792?
2, 3, 101560829
What are the prime factors of 2252902320?
2, 3, 5, 3129031
List the prime factors of 1293863534.
2, 73, 8862079
List the prime factors of 151987012.
2, 37996753
List the prime factors of 49379627.
11, 4489057
What are the prime factors of 1279599666?
2, 3, 2459, 86729
What are the prime factors of 49146014?
2, 17, 883, 1637
List the prime factors of 1149298369.
67, 17153707
List the prime factors of 6799109.
6799109
What are the prime factors of 162724664?
2, 19, 1070557
List the prime factors of 351036284.
2, 3361, 26111
What are the prime factors of 68288063?
68288063
What are the prime factors of 2230236068?
2, 29, 19226173
List the prime factors of 72805999.
7, 883, 11779
What are the prime factors of 402625693?
101, 3986393
List the prime factors of 553008356.
2, 6833, 20233
List the prime factors of 1109924681.
1109924681
List the prime factors of 924155500.
2, 5, 1848311
What are the prime factors of 39650479?
11, 89, 101, 401
List the prime factors of 283319557.
1109, 255473
List the prime factors of 477629230.
2, 5, 13, 3674071
List the prime factors of 221397668.
2, 1259, 43963
What are the prime factors of 505270673?
10687, 47279
List the prime factors of 1188433580.
2, 5, 4229, 14051
List the prime factors of 592855239.
3, 197618413
List the prime factors of 3653618118.
2, 3, 227, 2682539
List the prime factors of 45369515.
5, 17, 43, 12413
List the prime factors of 322204196.
2, 17, 61, 173, 449
What are the prime factors of 58291523?
1427, 40849
List the prime factors of 726790688.
2, 13, 113, 15461
What are the prime factors of 12845012?
2, 1663, 1931
What are the prime factors of 3346415810?
2, 5, 16111, 20771
List the prime factors of 2639032.
2, 11, 29989
List the prime factors of 138106964.
2, 59, 585199
List the prime factors of 43144559.
43144559
List the prime factors of 228863217.
3, 11, 277, 25037
What are the prime factors of 33190418?
2, 101, 164309
What are the prime factors of 707209017?
3, 235736339
What are the prime factors of 101314416?
2, 3, 7, 301531
What are the prime factors of 209661288?
2, 3, 1019, 8573
What are the prime factors of 104821234?
2, 7, 101, 74131
What are the prime factors of 3793447?
7, 89, 6089
What are the prime factors of 823630873?
13, 63356221
List the prime factors of 3143493695.
5, 628698739
List the prime factors of 61737221.
7, 13, 23, 2269
What are the prime factors of 84278146?
2, 17, 109, 22741
What are the prime factors of 751934938?
2, 375967469
List the prime factors of 695937240.
2, 3, 5, 1933159
List the prime factors of 779142728.
2, 7, 13, 19, 619
What are the prime factors of 2576667930?
2, 3, 5, 43, 317, 6301
List the prime factors of 4316488175.
5, 73, 619, 3821
List the prime factors of 48386630.
2, 5, 89, 54367
List the prime factors of 1183435118.
2, 591717559
List the prime factors of 557096694.
2, 3, 7, 11, 197, 6121
List the prime factors of 40123226.
2, 11, 13, 53, 2647
List the prime factors of 1593666721.
1607, 991703
What are the prime factors of 1296886844?
2, 11, 29, 487, 2087
List the prime factors of 189115822.
2, 7, 2887, 4679
What are the prime factors of 7868545?
5, 1573709
List the prime factors of 3856741995.
3, 5, 257116133
What are the prime factors of 89400298?
2, 13, 47, 149, 491
List the prime factors of 3029873573.
181, 16739633
What are the prime factors of 7585272898?
2, 7, 3257, 166351
What are the prime factors of 2303385520?
2, 5, 193, 149183
List the prime factors of 711674270.
2, 5, 71167427
What are the prime factors of 32634398?
2, 521, 31319
What are the prime factors of 708965106?
2, 3, 5813, 20327
List the prime factors of 186973128.
2, 3, 2596849
What are the prime factors of 119218392?
2, 3, 183979
What are the prime factors of 75903605?
5, 15180721
List the prime factors of 16633457.
59, 281923
List the prime factors of 3153617491.
193, 16339987
List the prime factors of 248360315.
5, 7, 109, 65101
List the prime factors of 55975819.
55975819
What are the prime factors of 1662710076?
2, 3, 101, 431, 1061
List the prime factors of 48759926.
2, 24379963
What are the prime factors of 64865294?
2, 13, 2494819
What are the prime factors of 203954379?
3, 19, 79, 45293
What are the prime factors of 22883826?
2, 3, 7, 43, 12671
List the prime factors of 257821664.
2, 163, 49429
List the prime factors of 34825408.
2, 263, 2069
What are the prime factors of 324674546?
2, 7, 19, 29, 42089
What are the prime factors of 105780166?
2, 137, 149, 2591
List the prime factors of 1206102709.
7, 31, 794011
What are the prime factors of 323868176?
2, 2503, 8087
What are the prime factors of 731841577?
23, 3673, 8663
List the prime factors of 159226706.
2, 67, 1188259
What are the prime factors of 173453406?
2, 3, 7, 47, 87869
What are the prime factors of 108626633?
769, 141257
List the prime factors of 1243160080.
2, 5, 15539501
What are the prime factors of 1190172732?
2, 3, 7, 14168723
List the prime factors of 62691236.
2, 15672809
What are the prime factors of 375919545?
3, 5, 43, 582821
What are the prime factors of 236255225?
5, 131, 72139
List the prime factors of 349886874.
2, 3, 37, 59, 26713
What are the prime factors of 12825047?
29, 44224